3*f - o - 4 = -3*q. What are the prime factors of q?
3
Let r = 7 - 10. Let a = r - -33. List the prime factors of a.
2, 3, 5
Suppose -2*z + 5*l - 3 = 0, -2*l + l + 6 = 5*z. Let b = -1 + z. Suppose b*d - 11 = -d. What are the prime factors of d?
11
Suppose -3*k - 10 = -5*k. Suppose 0 = -3*a - 2*o + 17, a - 3 = k*o - 3*o. Suppose 6 + 14 = a*f. List the prime factors of f.
2
Let c = -149 - -220. List the prime factors of c.
71
Suppose b = 3*s - 9, 4*b + 3*s + 26 = 5*s. Let n be (-1 + -14)/(b/4). What are the prime factors of (n/6)/((-3)/(-27))?
3, 5
Let f = -76 - -226. List the prime factors of f.
2, 3, 5
Let f = 95 - -25. What are the prime factors of 2/8 + f/32?
2
List the prime factors of 3 + (-15)/10*-34.
2, 3
Let i = 125 + -17. List the prime factors of -4*(i/(-16))/1.
3
Suppose 3*l = x - 20, 3*x + 2*l - 1 = 103. Suppose 2*m - 33 - 11 = 0. Let y = x - m. What are the prime factors of y?
2, 5
Let c(p) = -p**3 - p**2 - 3*p - 3. Let k be c(-2). Suppose 2*y + k = 4*y - 3*i, -y - 4*i + 20 = 0. List the prime factors of y.
2
Let w(d) = -d**3 - 2*d + 11. Let i(z) = 3*z**3 + z**2 + 6*z - 32. Let t(n) = -6*i(n) - 17*w(n). What are the prime factors of t(-6)?
17
List the prime factors of 276/(-66) - -4 - 3544/(-11).
2, 7, 23
What are the prime factors of (2/4)/(4/272)?
2, 17
Let t = 22 + -1. What are the prime factors of t?
3, 7
Let i be 1/(-3) + 32/6. Suppose c + 86 = 3*g + 2*g, 4*g = i*c + 52. What are the prime factors of g?
2, 3
Let k(l) = -l**3 + l**2 + 67. List the prime factors of k(0).
67
Let o = -20 + 43. List the prime factors of o.
23
Let q = -22 - -57. List the prime factors of q.
5, 7
Suppose -i + 7 = -7. Suppose 0 = 2*c + j - 45, 4*j + 108 = 6*c - 2*c. Let x = c - i. What are the prime factors of x?
2, 5
Suppose -75*h + 72*h = -147. List the prime factors of h.
7
Suppose 3 = -2*f + l - 5, 3*f + 3*l + 21 = 0. Let w = f - -7. Suppose w*b - 20 = -0*b. What are the prime factors of b?
2, 5
Let u(i) be the third derivative of i**5/60 - 7*i**4/24 - i**3/3 + 2*i**2. Let w be u(7). Let r(z) = 2*z**2 - 2. What are the prime factors of r(w)?
2, 3
Let x = 4 - 2. Suppose -z - 3 = -s, 2*z = -2*s - 0*s + 6. Suppose -1 = -q - 2*a, -22 = -z*q - x*q + a. What are the prime factors of q?
3
Let j = -26 - -23. Let t(a) = -9*a + 4. What are the prime factors of t(j)?
31
Let a(h) = -h**2 + 10*h - 3. Let q be a(6). Suppose -k + 8 = 3*k. Suppose -4*d + q = 2*z + 3*z, 5*z - 3 = -k*d. List the prime factors of d.
3
Suppose -3*c + 5*m = 14 + 2, -4*c - 3*m - 2 = 0. Let r(t) = 30*t + 2. Let i be r(c). List the prime factors of (-4)/18 + i/(-18).
3
Let a = 3 + -1. Suppose 0 = v + 5*r - 2 - a, 0 = -r. What are the prime factors of v?
2
Let m(n) = -2*n**3 + n**2 + 3*n + 5. What are the prime factors of m(-3)?
59
Let a(x) = 51*x + 1. Let h be a(1). Suppose -3*f + h = v - 3*v, 0 = 3*f + 5*v - 17. Suppose 0 = -2*k + 6 + f. List the prime factors of k.
2, 5
Let k(z) = -2*z. What are the prime factors of k(-9)?
2, 3
Suppose 4*j + 12 = 0, -4*j + 45 = i - 64. List the prime factors of i.
11
Let b(d) = -d**3 - 13*d**2 - 3*d + 8. What are the prime factors of b(-13)?
47
Let t be ((-16)/6)/((-2)/(-75)). Let u be t/8*4/(-5). Let c = -6 + u. What are the prime factors of c?
2
Let n = 48 + -68. Suppose -2*q = 3*z - 0*z - 99, 2*z - 85 = 5*q. Let c = n + z. What are the prime factors of c?
3, 5
Let w = -5 + -6. Suppose -3*b - 2 = -b, -5*j + 77 = -2*b. Let l = w + j. List the prime factors of l.
2
Let j be (-1)/(-3) - 1/3. Suppose -4 = -2*i + 2*m, 2*i = -j*m + m + 4. List the prime factors of i.
2
Suppose 4*r = 3 + 1, 2*u - 3*r = -3. Suppose o = 4*o - w - 32, -3*o - w + 40 = u. What are the prime factors of o?
2, 3
Suppose 0 = -h - b + 6, -3*h + 4*b - 12 = -4*h. Suppose -5*m + m + 15 = 3*w, 0 = h*m + w - 21. List the prime factors of m.
2, 3
Suppose 25 = -2*u + 7*u. Suppose -u*i + 3*v + 83 = 0, -2*v + v + 61 = 3*i. What are the prime factors of i?
19
Let u = 6 + -4. Suppose -5*d + 2*j + 51 = 0, -u*d - 5*j + 5 = 2. Suppose -s + 2*s = d. What are the prime factors of s?
3
Let u(q) be the first derivative of q**3/3 + 2*q**2 - 2*q - 2. Let x be u(-5). Suppose 0 = x*r - a - 32, -3*r + 4*a + 8 = -r. List the prime factors of r.
2, 3
Suppose -14 - 41 = -5*a + o, 2*a - 49 = -5*o. What are the prime factors of a?
2, 3
Suppose -4*g = 4, 4*a - 2*g = -4*g + 606. List the prime factors of a.
2, 19
Let w be (-2 - -1) + 8 - 1. What are the prime factors of 55/3 - (-4)/w?
19
Let h be 3/4 + 690/8. Suppose 3*w - g - h = w, 0 = 5*w + 4*g - 211. List the prime factors of w.
43
Let z = -247 + 592. What are the prime factors of z?
3, 5, 23
Suppose 18 = 3*w - 4*s, w + 5*s = s + 6. List the prime factors of w.
2, 3
Suppose 4*q + 2 = -5*a, 3*q + 11 = 4*a + 2*q. List the prime factors of (a/5)/((-1)/(-40)).
2
Let v = -52 + 95. What are the prime factors of v?
43
Let y(o) be the first derivative of o**4/4 + 11*o**3/3 - o**2 - 11*o - 4. List the prime factors of y(-11).
11
Let p be 1/2*(-6)/3. What are the prime factors of 11 + (p - -4) + -1?
13
Suppose 7 = 4*f - 1. Suppose -2*s = -4*y - 0*y - 14, -4*y = f*s + 10. Suppose 6 = b + s. List the prime factors of b.
5
Let x = -23 - -344. What are the prime factors of x?
3, 107
Let r = 292 - 205. Suppose 5*y + 68 = z, 0 = 5*z + 2*y + r - 319. Suppose 4*o + 0*f - z = 4*f, -52 = -4*o + 3*f. List the prime factors of o.
2
Suppose -n - 3*s = -21, -n - s + 17 = s. Let z be (9/2)/(n/12). Suppose 3*c - z*c - 6 = 0, 18 = 2*h - c. List the prime factors of h.
2
Let t = 193 - 115. Suppose 5*a = 3 - t. List the prime factors of (a + 2)*-1 + 0.
13
Let j be 2/4*(32 - 8). What are the prime factors of 254/j + (-1)/6?
3, 7
Let s(p) = -p**3 + 8*p**2 + 3*p. Let h be s(8). Let m = -16 + h. What are the prime factors of m?
2
Suppose -z = s - 125, -5*s + 5*z = -0*s - 585. What are the prime factors of s?
11
Suppose 2*o + 0*z - 3*z - 3 = 0, 4*z + 2 = 2*o. Let b be (-82)/o - (-3)/9. List the prime factors of (-6)/b + 194/18.
11
Suppose l + 5*w - 31 = 0, -w + 3 = -2. Suppose -2 = -2*t + l. Let q = t - 2. List the prime factors of q.
2
Suppose 3*j = -j. Let r be (j*2/6)/(-1). Suppose r = -q - 5*p, 3*q - 6*q + 13 = 2*p. List the prime factors of q.
5
Suppose -29 = 3*n - 5*r, -6*n + 2*n = 5*r - 8. Let a be 7 + (3/(-9))/((-3)/9). What are the prime factors of n/12 - (-58)/a?
7
Let v(b) = b**2 + 7*b + 10. What are the prime factors of v(6)?
2, 11
Let b be (-55)/(-5) + -2 + 1. Suppose -3*d + 23 = 5*w, -b = -0*w - 2*w - d. Suppose -27 = -x - w. List the prime factors of x.
2, 5
Suppose 0 = -4*s + 7*s - 126. Let n = -22 + s. Let r = n - 4. What are the prime factors of r?
2
Let n(r) be the third derivative of -r**4/24 + 5*r**3/3 + 2*r**2. Suppose 37 = 5*t - 3. List the prime factors of n(t).
2
Let f(t) = -t**3 - 9*t**2 + 11*t + 13. Let h be f(-10). Suppose 0 = 2*d - y - 23, 7 = 2*d - 5*y - 12. Let q = d - h. What are the prime factors of q?
3
Let b = -83 + 107. List the prime factors of b.
2, 3
Let g(b) = b - 11. Let s be g(9). What are the prime factors of 2/s + 0 + 12?
11
Let a = 2 - 4. Let b be (-4)/((-4)/a) - -26. Suppose 0 = 4*h - 0*h - b. List the prime factors of h.
2, 3
Let i(t) = t**2 - 3*t - 1. Let z be i(7). Let v = z - 16. List the prime factors of v.
11
Suppose 0 = a - 2 - 1, 3*a = -4*y - 23. Let f = 5 - y. Suppose d + 5 = f. What are the prime factors of d?
2
Let c = -40 - -61. Suppose 3*q - c = 9. What are the prime factors of q?
2, 5
Let l = -6 - -11. Suppose -l*w - 4*z + 115 = -162, -5*w + 274 = 3*z. What are the prime factors of w?
53
Let a = -65 - -33. Let q = 0 - a. What are the prime factors of q?
2
Suppose -88 = -3*q + 2*o, -2*o + 5*o - 89 = -4*q. List the prime factors of q.
2, 13
Let m(o) = -37*o - 11. List the prime factors of m(-2).
3, 7
Let q be 4/8*(0 + 78). Suppose 2*b - q = -b. List the prime factors of b.
13
Let f = 20 - -13. What are the prime factors of f?
3, 11
Suppose 28 + 14 = 2*t. Suppose v - 18 = t. List the prime factors of v.
3, 13
Suppose 1 - 62 = 4*s - 3*q, 3*q + 35 = -2*s. What are the prime factors of (12/(-2))/(6/s)?
2
List the prime factors of 2/(-8) + (-129)/(-4).
2
What are the prime factors of (-114 - 0)*(-15)/30?
3, 19
Suppose 2*r - 7*r - 16 = -3*i, 5*i - 3*r = 0. List the prime factors of -1*(0 - i) - -35.
2
Let h be (-3 + 4)/(2/4). Let d(l) =